common factor of y and 24.
8
Suppose 16*t - 130 = 638. Let r be (5/10)/((-2)/(-48)). Calculate the greatest common divisor of r and t.
12
Let h be (16 - 17)/(3/((-9)/1)). What is the highest common factor of h and 3?
3
Suppose 0 = -3*x - g + 184 - 35, -x = 5*g - 59. What is the greatest common divisor of x and 147?
49
Let r be 3/2*-2 + 23. Suppose r = 2*g + 16. Suppose -91 = y - g*y. Calculate the greatest common divisor of y and 13.
13
Suppose -13*q - 72 = -16*q. Suppose 0 = -o - 2*o + 48. What is the greatest common divisor of o and q?
8
Let o = -9264 + 9270. Let k = 82 - -20. What is the highest common factor of k and o?
6
Let o be (-63)/(-6)*(-66)/(-9). Suppose -5 = -a - 2*z, 0*a + o = 5*a - 3*z. Calculate the highest common factor of 143 and a.
13
Let q = -38 + 60. Let r(i) = 34*i + 46. Let o be r(10). Suppose -8*w = -o - 54. Calculate the highest common divisor of w and q.
11
Let b(l) = 3. Let a(w) = -w - 12. Let r(f) = 2*a(f) + 9*b(f). Let h be r(-6). Calculate the greatest common factor of h and 60.
15
Let r = -12 - -12. Suppose r = f - 2*f + 104. Let v(o) = -2*o + 1. Let q be v(-6). Calculate the greatest common factor of q and f.
13
Let i(o) = -8*o - 286. Let q be i(-39). Calculate the greatest common divisor of 169 and q.
13
Suppose -5*p + 20 = -0*p. Suppose f + f - 3*o = 0, 0 = -p*f + 4*o - 4. Let a be -34*(f - (-3 + 2)). What is the greatest common factor of a and 17?
17
Suppose -6864 = -68*k - 10*k. Calculate the greatest common divisor of 66 and k.
22
Suppose 30*p = 40 + 170. Calculate the highest common divisor of p and 21.
7
Let x(b) = -28*b - 4. Let y be x(-5). Let q(p) = -2*p - 7. Let u be q(-12). What is the highest common divisor of u and y?
17
Suppose 2763 = 2*u - 81. Let f be u/21 - 10/(-35). Calculate the highest common factor of 476 and f.
68
Let n = 23 + -23. Let m = 4 - n. Suppose -t - 3*a + 49 = 0, -a + 0*a = -m*t + 222. What is the greatest common factor of 22 and t?
11
Let u be (-2 + 42)*(8 - 6). Let y(j) = -j**3 - 6*j**2 - 6*j - 3. Let o be y(-5). Suppose 0 = -2*w - o*w + u. Calculate the highest common divisor of 20 and w.
20
Suppose -17 - 15 = -2*f. Let g be (9 - (7 - 0))/((-1)/(-32)). Calculate the greatest common divisor of g and f.
16
Let t = -125 + 53. Let c = t + 102. What is the highest common factor of 10 and c?
10
Suppose -2*p - 3*p = -50. Suppose 4*c = -c + p. Let a be (c/(-3))/((-10)/75). Calculate the greatest common divisor of 35 and a.
5
Let h(q) = -4*q**3 - 11*q**2 + 12*q + 3*q**3 - 4 - 14*q. Let b be h(-11). Calculate the highest common factor of b and 12.
6
Suppose -2*f + 105 = 63. What is the highest common factor of f and 28?
7
Let m be (-8)/10*(5/(-10) - -3). Let y be -6*(m - (-4)/8). Suppose d - 6 = 3*o - 3, -2*o = -2*d + 6. Calculate the highest common factor of d and y.
3
Suppose -4*r = 3*r - 84. Suppose -3*y + 15 = 2*y. Calculate the greatest common divisor of r and y.
3
Let y = 28 - 1. Suppose 115 + 137 = 28*d. Calculate the highest common divisor of y and d.
9
Suppose 0*h - h = 8. Let o be 3/h + (-756)/(-224). Calculate the highest common divisor of o and 1.
1
Let o(t) = -t + 7. Let j be o(5). Let q = 6 - j. Let z be (2 + 9 + -5)*2. Calculate the greatest common factor of z and q.
4
Let t = 19 + -166. Let c = t - 229. Let m be c/(-10) + 12/30. Calculate the highest common divisor of m and 57.
19
Suppose 0 = -q + 167 - 44. Calculate the greatest common factor of 6 and q.
3
Let m = -12 - -14. Suppose m*i - 3*i + 24 = 0. What is the greatest common divisor of i and 8?
8
Let i(b) = -43*b - 1008. Let n be i(-26). What is the greatest common factor of n and 10?
10
Suppose -h = -2*h + 11452. Let g be h/91 - 2/(-13). What is the highest common factor of 42 and g?
42
Let p(c) = 2*c - 5. Let h be p(22). Calculate the highest common divisor of 130 and h.
13
Suppose -2*s + 2*j = -7*s - 6, 0 = 2*s - 4*j + 12. Let y be (-6)/(1 - s) + 4. Suppose -8 + 24 = y*g. Calculate the greatest common divisor of 56 and g.
8
Suppose 6 - 5 = x. Suppose -2*a = 3*a - 30. Suppose 0 = -a*o + 11*o - 5. Calculate the highest common divisor of x and o.
1
Let i(s) = -16 - s - 2*s - 4. Let u be i(-10). Let v be 402/u - (-20)/(-100). Calculate the highest common divisor of v and 16.
8
Suppose -2*b = 46 - 6. Let g be (2 + b/8)/((-1)/26). What is the greatest common factor of 143 and g?
13
Suppose -s - 3*w - 2 - 13 = 0, -20 = 2*s + w. Let q = -6 - s. What is the greatest common divisor of 6 and q?
3
Let u = 4 - 2. Suppose u*a + 1 - 5 = 0. Suppose 0 = 3*k - 17 - 13. Calculate the highest common factor of k and a.
2
Let x = 18 - 14. Suppose x*h - 20 = -4*o, -3*o - 5*h = -0*h - 13. What is the greatest common factor of o and 24?
6
Suppose 37 = 2*s - 5*m, 0 = 3*s + m - 2*m - 49. Let k = 941 - 829. Calculate the highest common divisor of k and s.
16
Let l(d) = d + 7. Let j be l(-5). Suppose -c - j = -4. What is the highest common factor of c and 2?
2
Suppose 0 = -22*j + 31*j - 729. What is the greatest common divisor of 45 and j?
9
Let a = 1343 + -1338. Calculate the greatest common factor of a and 25.
5
Let h be 82/26 + 5 + 4/(-26). Suppose -4*p + 116 = -108. What is the highest common factor of p and h?
8
Suppose 8 = 3*a - 22. Suppose -a*v - 15 = -11*v. Let y be (-53)/(-3) - 10/v. What is the greatest common divisor of 68 and y?
17
Let z(m) = 8*m**3 + 3*m**2 + 6*m - 5. Let n be z(3). What is the highest common divisor of 8 and n?
8
Suppose -4*b + 191 = 3*m, -b + 0*m + 56 = -2*m. Suppose -r - 3*r - 2*n = -80, -3*r = 2*n - 60. What is the highest common divisor of b and r?
10
Let t(k) = -k**2 + 5*k + 10. Let z be t(12). Let s = -19 - z. Let f be (25/20)/(3 + 44/(-16)). Calculate the highest common factor of f and s.
5
Suppose -3*i - 30*a = -31*a - 687, -4*a - 696 = -3*i. What is the highest common factor of i and 36?
12
Let p = -62 + 218. Suppose 12*s + 17 - 73 - 88 = 0. Calculate the greatest common factor of p and s.
12
Suppose s = 4*m + 5, 4*s + 0*m + m + 65 = 0. Let v(d) = -d - 6. Let l be v(-8). Let z be (5/s)/(l/(-48)). Calculate the greatest common factor of z and 32.
8
Let m(g) = -g**3 - 19*g**2 - g + 10. Let s be m(-19). Let f = s - 12. Calculate the highest common divisor of f and 136.
17
Let g be 81 - (-3)/9*-3. Let z be (-8 - -2)/((-21)/112). Calculate the highest common divisor of z and g.
16
Suppose 2*f + 10 - 4 = 4*n, -4*n + 9 = -f. Suppose -f*t + t = -736. Calculate the greatest common divisor of 46 and t.
46
Let d(v) = 390*v + 38. Let f be d(5). Calculate the highest common factor of 28 and f.
28
Let z be (-2 + 10/6)/((-13)/351). Let h(y) = y**3 - 9*y**2 + 3*y + 1. Let s be h(z). Calculate the highest common divisor of s and 70.
14
Let p(c) = 2*c**2 + 3*c + 3. Let f be p(-2). Suppose 0 = -w + f*u + 35, 125 = 3*w + 5*u - 0*u. What is the highest common divisor of 280 and w?
40
Let z(l) = -6*l**2 + 2*l + 1. Let m be z(1). Let o(n) = n**3 + 5*n**2 - 7. Let i be o(m). Calculate the greatest common divisor of i and 44.
11
Let a(g) = 3*g + 25. Let r be a(-7). Suppose 0 = i - 3*i - t + 59, 3*i - 105 = r*t. Calculate the highest common divisor of 248 and i.
31
Let w = 80 - 77. Let y be (75/(-10) + 6)*(-2)/w. Calculate the greatest common divisor of 16 and y.
1
Let v(y) = 10*y - 5. Let k be v(5). Let a(r) = -2*r**3 - 6*r**2 - 2*r + 3. Let f be a(-3). What is the greatest common factor of k and f?
9
Let q = 571 - 421. Calculate the greatest common factor of 90 and q.
30
Let b(m) = 6*m**2 - 2*m + 1. Let f be b(-3). Let d = f + -34. Calculate the greatest common factor of 9 and d.
9
Let c be (-120)/18*12/(-10). Suppose -a = h + 4*h + c, -4*h - 12 = -2*a. Let n be 84/24 - h/4. Calculate the highest common divisor of 44 and n.
4
Suppose -2*k - 608 = -4*l + 2042, 3*l + k = 1975. Suppose -l = -6*g + 924. Suppose -3*d + 86 = -13. What is the highest common factor of d and g?
33
Let r(u) be the second derivative of -2*u**3 - 5*u**2 + 10*u. Let k be r(-10). Calculate the highest common factor of 44 and k.
22
Suppose -5*f + u - 181 + 54 = 0, 0 = -2*f - 5*u - 67. Let x = 37 + f. What is the highest common factor of 55 and x?
11
Suppose d = 3*r - 2*d - 369, 3*r - 5*d - 373 = 0. Suppose 5*v = r - 31. Suppose -124 = -5*u + 56. What is the greatest common factor of v and u?
18
Let c be 9/6*(-100)/(-3). Let o be (1 - -2)*-2*60/(-36). W